isor of 4512 and 3376809.
141
Calculate the greatest common factor of 462849 and 66947178.
8733
Calculate the greatest common divisor of 23 and 1835569579.
23
Calculate the greatest common divisor of 496385018 and 906.
302
Calculate the highest common factor of 9959 and 251459.
23
What is the highest common divisor of 335830 and 2464836?
1562
What is the greatest common divisor of 21768 and 560496?
24
What is the highest common factor of 1728591585 and 210?
105
What is the greatest common factor of 4519515 and 5355?
105
What is the greatest common factor of 172958433 and 1626?
813
What is the greatest common factor of 219490988 and 4?
4
What is the greatest common divisor of 16018010 and 3260?
1630
Calculate the greatest common divisor of 36372 and 1204.
28
What is the greatest common divisor of 26708 and 4682?
2
What is the greatest common factor of 4681881 and 1?
1
Calculate the greatest common divisor of 747684 and 1073709.
4347
Calculate the greatest common divisor of 630 and 840735210.
210
Calculate the greatest common factor of 1005 and 1911490905.
1005
Calculate the greatest common divisor of 2071331 and 17.
17
Calculate the highest common factor of 48741 and 21923517.
231
Calculate the highest common divisor of 109351677 and 9264.
579
What is the greatest common factor of 672 and 10278016?
224
What is the highest common factor of 38 and 264526?
2
What is the greatest common divisor of 158 and 537495302?
158
What is the highest common factor of 16897 and 4810659?
277
What is the greatest common divisor of 2856 and 3328328?
136
Calculate the greatest common factor of 1292126 and 22.
22
What is the greatest common divisor of 106952 and 5552?
8
Calculate the highest common divisor of 724416 and 14539008.
2112
Calculate the highest common divisor of 58420 and 11325860.
2540
What is the greatest common factor of 21258 and 1003753158?
7086
Calculate the greatest common factor of 88641 and 297675.
1323
What is the greatest common divisor of 29457 and 891347?
1091
What is the highest common factor of 1458 and 986250249?
729
Calculate the greatest common divisor of 1764 and 1796580.
36
Calculate the highest common divisor of 1169278690 and 470.
470
What is the greatest common divisor of 345735 and 12165660?
1755
Calculate the highest common factor of 990 and 2065734.
198
Calculate the greatest common factor of 118 and 595294424.
118
Calculate the highest common factor of 13614465 and 16590.
1185
Calculate the highest common divisor of 536446 and 2376824.
722
What is the greatest common factor of 12628 and 1917524?
28
Calculate the greatest common factor of 908 and 632856932.
908
Calculate the greatest common factor of 26465 and 67670.
335
Calculate the greatest common divisor of 9243760 and 170.
10
Calculate the highest common divisor of 1743005 and 3292983.
2881
What is the highest common factor of 3826 and 453717688?
3826
Calculate the greatest common factor of 1558 and 21898469.
779
Calculate the highest common divisor of 108 and 16135404.
12
Calculate the greatest common factor of 5088147 and 1806.
129
What is the highest common factor of 4510 and 97826?
82
What is the greatest common factor of 42368625 and 27625?
1625
What is the highest common factor of 196 and 1315972?
28
Calculate the highest common factor of 1208 and 30232.
8
What is the highest common factor of 20 and 1915571730?
10
Calculate the highest common divisor of 15792 and 1284696.
168
What is the greatest common factor of 1386 and 52254?
18
What is the greatest common factor of 1166 and 811854?
106
Calculate the greatest common divisor of 16065 and 633080.
595
What is the highest common factor of 179440325 and 350?
25
Calculate the highest common divisor of 12 and 88449.
3
Calculate the highest common divisor of 9337404 and 10776.
5388
What is the greatest common factor of 208445 and 2924105?
235
What is the highest common divisor of 205650 and 5184?
18
Calculate the highest common factor of 3441115 and 265.
5
What is the highest common factor of 2910 and 386448?
582
What is the highest common factor of 16718 and 1303361?
643
What is the greatest common divisor of 51350244 and 7884?
876
What is the highest common divisor of 104816 and 5352?
8
What is the greatest common factor of 940053 and 12?
3
What is the highest common divisor of 51006790 and 669?
223
What is the highest common factor of 3808 and 66822?
14
Calculate the greatest common factor of 340900525 and 35.
35
Calculate the greatest common factor of 14777700 and 92225.
5425
What is the highest common divisor of 176565464 and 376?
376
Calculate the highest common factor of 168 and 22199856.
168
Calculate the greatest common divisor of 245 and 243395.
5
Calculate the highest common divisor of 8421 and 264600.
21
Calculate the highest common divisor of 2031 and 39279.
3
Calculate the highest common divisor of 4928 and 720769280.
4928
What is the greatest common factor of 207 and 50927865?
69
What is the greatest common divisor of 1650 and 3256325?
25
Calculate the highest common divisor of 17076 and 33.
3
Calculate the highest common factor of 37309290 and 20.
10
Calculate the greatest common factor of 3400 and 1305124.
68
Calculate the highest common divisor of 1548 and 1347448.
172
What is the greatest common divisor of 103 and 37406819?
103
Calculate the greatest common divisor of 109739 and 186172.
427
What is the highest common divisor of 18088 and 34678?
14
What is the highest common divisor of 39517613 and 2089?
2089
Calculate the greatest common divisor of 117128 and 73469.
11
What is the greatest common factor of 2229 and 142840264?
743
What is the highest common divisor of 242757880 and 20040?
6680
Calculate the highest common factor of 4838 and 653417.
41
Calculate the greatest common factor of 644900 and 1399433.
6449
What is the greatest common divisor of 132 and 126572748?
12
Calculate the greatest common divisor of 1470 and 85544886.
294
Calculate the highest common factor of 328771050 and 150.
150
What is the greatest common divisor of 2530 and 7526566?
46
What is the greatest common divisor of 3562 and 427190660?
3562
Calculate the greatest common factor of 8141952 and 56.
56
Calculate the greatest common factor of 171365 and 905.
5
What is the highest common divisor of 496 and 17149262?
62
Calculate the highest common divisor of 2620192029 and 39.
39
What is the highest common divisor of 15756202 and 77?
77
What is the highest common divisor of 614 and 100124980?
614
What is the greatest common factor of 2853 and 52070103?
2853
What is the highest common factor of 3900 and 687027900?
3900
Calculate the greatest common factor of 102608 and 259382.
106
Calculate the greatest common divisor of 309 and 3080034.
3
What is the highest common divisor of 487420100 and 100?
100
What is the highest common factor of 3570 and 6779766?
42
Calculate the greatest common factor of 2106 and 1261572.
78
Calculate the greatest common divisor of 346 and 266082477.
173
What is the greatest common divisor of 7261 and 935436?
137
What is the greatest common divisor of 72 and 6676184?
8
What is the highest common factor of 64356 and 2240004?
2076
Calculate the highest common divisor of 532 and 2191392.
28
Calculate the highest common factor of 7652 and 19200781.
1913
Calculate the highest common factor of 166 and 7995058.
166
What is the highest common factor of 163800 and 798420?
420
What is the greatest common factor of 15582 and 2463279?
147
What is the highest common divisor of 2008 and 2025821?
251
What is the highest common divisor of 8040 and 14730?
30
Calculate the highest common divisor of 1073 and 80678.
29
Calculate the greatest common factor of 107281 and 26838.
71
What is the highest common factor of 1287 and 3727581?
429
Calculate the greatest common divisor of 15555 and 1196885.
85
Calculate the highest common factor of 91582109 and 38.
19
What is the highest common divisor of 1229312 and 512?
512
Calculate the highest common factor of 81529 and 174629.
133
What is the greatest common divisor of 4055626 and 114?
38
What is the highest common divisor of 1425 and 264689?
19
What is the highest common factor of 4451 and 375918107?
4451
Calculate the greatest common divisor of 7614522 and 24.
6
Calculate the 